 + 4*d + 6 = 0. Let o(h) = m*l(h) - 5*k(h). What is the tens digit of o(-10)?
4
Suppose 707 - 291 = t. What is the units digit of t?
6
Suppose 4*f + 4*g = -g + 1243, 3*f = -3*g + 936. Suppose 355 = 7*j - f. What is the tens digit of j?
9
Suppose 4*d + 0*d - c - 9392 = 0, -2*d + 3*c + 4706 = 0. What is the hundreds digit of d?
3
Let d = -8346 - -12460. What is the units digit of d?
4
Let c(x) be the first derivative of -x**4/4 + 4*x**3/3 + 9*x**2/2 - 3*x + 6. Let m be c(6). Let r = 29 + m. What is the units digit of r?
8
Suppose 0*u + 5*u + 395 = 0. Let f = u + 170. What is the tens digit of f?
9
Let l(d) = -d**2 - 48*d - 5. What is the units digit of l(-27)?
2
Let j = 2831 - 1543. What is the thousands digit of j?
1
Let b(c) = 32*c**2 - 3*c + 7. What is the hundreds digit of b(4)?
5
Let b(i) = 14*i**2 + 7*i - 8. What is the tens digit of b(7)?
2
Let n = -7 + 9. Let j(u) = 2 + 1 - 4*u + 6*u - u**3 + 2*u**n. What is the units digit of j(-3)?
2
Let l(w) = w**3 + 5*w**2 + 8*w + 7. Let m be l(-6). Let q(g) = 17*g - 81. Let s be q(12). Let p = m + s. What is the units digit of p?
6
Let l be (-3)/6 - ((-1540)/8 - -3). Let t = l + -46. What is the units digit of t?
3
Let v be (-3)/(-1) - 980/(-4). Suppose -50 = 2*z - v. What is the tens digit of z?
9
Let y = 1531 + -1406. What is the units digit of y?
5
Suppose 17*g + 26368 = 33*g. What is the tens digit of g?
4
Let m(p) = 49*p + 1115. What is the hundreds digit of m(50)?
5
Suppose 3*h - 5*j = -20, h - j = -1 - 3. Let t be 1 + -3 + (2 - h). Suppose 5*k - 2*r + t = 35, r = -k. What is the units digit of k?
5
Suppose -40*n + 48*n - 2280 = 0. What is the tens digit of n?
8
Let b = -6 - -2. Let t be -7 + 28/b + 4. What is the units digit of (-94)/(-10) + (-6)/t?
0
Let t(u) be the third derivative of u**6/120 - u**5/30 - u**4/12 - u**3/6 - 5*u**2. Let w be t(3). Suppose w*j = -2*j + 8. What is the units digit of j?
2
Suppose -49 - 28 = -11*y. Suppose 0 = 5*b + y*m - 6*m - 1230, b + 4*m - 227 = 0. What is the hundreds digit of b?
2
Suppose 2*h = 5*j - 1806, -h + 4*h + 718 = 2*j. What is the units digit of j?
2
Let d be (4/5)/((-10)/(-125)). Suppose b - 13 = -2*a, 5*b - 6*b + 5*a = 15. Suppose 0 = -5*u - 0*h - h + d, -u = -b*h - 2. What is the units digit of u?
2
Let a(v) = 23 - 88 + 35 - 5*v. What is the units digit of a(-12)?
0
Let s = 709 - 213. Suppose -a = 7*a - s. What is the tens digit of a?
6
Let j = 5348 + -3813. What is the tens digit of j?
3
Let j = 2090 + -1395. What is the units digit of j?
5
Suppose -z + 3*i - 5*i + 314 = 0, -4*z - 5*i + 1241 = 0. What is the units digit of z?
4
What is the units digit of (5485/(-4))/(430/(-688))?
4
Suppose -10*o + 1237 + 343 = 0. What is the tens digit of o?
5
Let s(z) = z**3 + 7*z**2 - 2*z + 7. Let y be s(-8). Let l = 14 + y. Let t = l - -32. What is the units digit of t?
5
Suppose 5*m - 208 - 802 = 0. Let c = m - 15. What is the units digit of c?
7
Let l(y) be the third derivative of 2*y**5/15 - y**4/12 - y**3/6 - 3*y**2. What is the tens digit of l(-2)?
3
Suppose 0 = 2*s + 120 + 150. Let p = -26 - s. Suppose 5*z - p = 96. What is the tens digit of z?
4
Let n(d) = 2*d**2 - 2*d - 3. Let i be n(6). Suppose -7*t + 4*t + 111 = 0. Let r = i - t. What is the tens digit of r?
2
Let j be (-2)/6 + (-30)/(-9). Suppose -940 = -5*y + 8*f - j*f, -2*f - 2 = 0. What is the tens digit of y?
8
Suppose 0 = -m, 10*m - 7*m = -5*s + 5520. What is the thousands digit of s?
1
Let b(h) = -h**3 + 8*h**2 - 7*h. Let u be b(6). Let d = -24 + u. What is the units digit of d?
6
Suppose 0 = -2*p - 2*u, -3*p + 2 = -5*u - 22. Let t be (3 - p)*(-2)/(-4). Suppose 3*w + 1 - 5 = -m, t = -m - 5*w + 6. What is the units digit of m?
1
Suppose -5*f - 5*k + 7 = -8, 3*k = 2*f + 14. What is the tens digit of (390/20)/(34/(-40) - f)?
3
Suppose 2*l = -2*p + 866, 3*l = -3*p + 6*p + 1281. What is the units digit of l?
0
Let x(r) = -r**3 + 2*r**2 + 3. Let q(b) = -6*b**3 + 11*b**2 + b + 16. Let n(z) = 6*q(z) - 33*x(z). What is the units digit of n(-3)?
0
Let n(l) be the third derivative of l**5/60 + l**4/12 + 2*l**3 + 35*l**2. What is the units digit of n(8)?
2
Let d = 4 - 1. Suppose -5*p + 38 = -3*h, 2*h - 4*p + p + 24 = 0. What is the units digit of h/((6/(-17))/d)?
1
Suppose 4*j + 12 = -5*u, -5*u - 4*j - 8 = -u. Let q be ((-1)/(-3))/(u/204). Let y = 37 + q. What is the units digit of y?
0
Let w = 1208 + 3142. What is the hundreds digit of w?
3
Let p(h) = 2*h**3 - 10*h**2 + 7*h + 13. Let t be p(7). Let d = t + -120. What is the tens digit of d?
3
Let n(j) = 0 + 6*j + 1 - 2. Suppose 0 = 5*s - 5 - 20. What is the units digit of n(s)?
9
Suppose 5*l - 5*f + 2*f = 42, -5*l - f + 26 = 0. Suppose 1575 = 3*v + l*v. What is the units digit of v?
5
Let o = 1469 + -1008. Suppose 2*v + 128 - o = -5*i, 0 = -3*i + 9. What is the hundreds digit of v?
1
What is the tens digit of (-8)/(-4)*-2 - (-18809)/7?
8
Suppose -11 + 3 = -2*j. Suppose 126 = -3*r - j*w, 3*r - 3*w + 168 = -r. Let m = r - -74. What is the tens digit of m?
3
Let p be 42/(2/(-2 + -6)). Let c be (2/(-2) - p) + -2. Suppose -7*x = -2*x - c. What is the tens digit of x?
3
Let s(x) = 2*x + 1. Let t be s(-2). What is the hundreds digit of (-51)/(-34)*(-2 - 562/t)?
2
Let h = 5 - 8. Let g = -42 - -46. What is the tens digit of 2 + h + g + 18?
2
Let m(c) = -252*c - 6. What is the units digit of m(-2)?
8
What is the tens digit of (-230 - -3)/((-3)/6)?
5
Let z = 20 - 20. Let s be (0/(-2))/(-2 - z). Suppose -x - h + 35 = -0*x, s = 4*x + 5*h - 135. What is the tens digit of x?
4
Let k(j) be the second derivative of j**4/12 + j**3 - 25*j**2/2 + 15*j. What is the units digit of k(-13)?
6
Let d be -5 + (-162)/(-30) - 86/(-10). Suppose d*g + g = 1230. What is the units digit of g?
3
Suppose 0 = -8*q + 5*q + 6, 4*q - 8 = d. Let x(a) = 14 - a**2 - a + 2*a**2 + 14. What is the units digit of x(d)?
8
Let z(y) = -29*y - 67. Let m be 318/(-39) - 6/(-39). What is the tens digit of z(m)?
6
What is the units digit of 4/5*1 + 876/5?
6
Let k be (-2 - 9)*(-5 + 4). Let p(n) = 7*n + 1. Let x be p(k). Suppose 2*c = -5*l + 66, -c - c = 2*l - x. What is the units digit of c?
3
Suppose 0 = 3*n - 1673 + 245. Suppose n = 5*m + 106. What is the units digit of m?
4
Suppose 0*r - 4*r = 5*o - 1097, -4*o = 3*r - 878. What is the units digit of o?
1
What is the tens digit of (-117)/26*254/(-3)?
8
Suppose 0 = -5*x + 14 - 4. Suppose x*w - 81 = -2*h - 5, 0 = 4*h - w - 162. What is the units digit of h?
0
Let i be ((-4)/(-8))/(2/(-144)). Let d = i - -68. What is the tens digit of d?
3
Let t(i) be the third derivative of -i**4/24 + 4*i**3/3 - 12*i**2. What is the units digit of t(6)?
2
Let y = -10 + -8. Let x = y + 77. What is the units digit of x?
9
Let v(m) = -22*m - 35. What is the units digit of v(-48)?
1
Let o = -548 + 1059. What is the tens digit of o?
1
Suppose 4*u - 12 = 7*u. What is the hundreds digit of 26*(-62)/(-7) - u/(-14)?
2
Suppose 3*r + g - 70 = -r, 2*r - 3*g = 28. What is the units digit of 28/(r/4 - 4)?
2
What is the tens digit of (-418)/(-16) - (-30)/(-240)?
2
Suppose -2*m + 11 = i - 5*m, -4*m + 16 = 0. Suppose o - i = 25. What is the units digit of o?
8
Let f be (-20)/6*(-12)/8. Let s(h) = 8*h + 5 + 3*h**2 - 4*h**3 + f*h**3 + 7*h**2. What is the tens digit of s(-9)?
1
Let s(x) = 14*x + 17 + 15 + 8. What is the hundreds digit of s(14)?
2
What is the units digit of ((-29799)/21)/(12/(-8))?
6
Let k be (8/(-3))/((-3)/(-18)). Let c = k + 22. Let x = 20 + c. What is the units digit of x?
6
Let r(y) = 8*y**2 - 2*y + 19. What is the hundreds digit of r(7)?
3
Let f be (4 - 7 - 0) + 8. Suppose -3*o + 0*d + 194 = d, 54 = o - f*d. Suppose 0*x + o = 4*x. What is the units digit of x?
6
What is the units digit of ((-10836)/98)/((-2)/14)?
4
Let a be 2 + 6/(-3) + 48. Suppose -2*d = -4*d + a. What is the tens digit of d?
2
Suppose 0*v + 3*v = -9. What is the units digit of (-3)/((-2)/v + -1)?
9
Let u(n) = -n**3 - 5 + n + 8*n**2 - 8*n**2. Let z be u(-4). What is the tens digit of z + 1 + -2 - 3?
5
Let s(g) = g**2 - 27*g - 103. What is the hundreds digit of s(51)?
1
What is the units digit of (6 - (-2597)/(-35))/((-6)/60)?
2
Let t = 108 - -176. What is the hundreds digit of t?
2
Let p = 30 - 24. Let y(z) = z**3 - 8*z**2 - 18*z + 4. Let m be y(10). Suppose -4*j = -p*j + m. What is the tens digit 